20, 18 = -4*z - 2*y. Let k be z - (-12)/(3 + 0). Suppose -c + 35 = 5*f, 3*f - c - 22 + k = 0. What are the prime factors of f?
7
Let v = 4 + 717. List the prime factors of v.
7, 103
List the prime factors of 3630/20 - 1/((-4)/10).
2, 23
Suppose -h = -2*q + 304 + 254, 12 = -3*h. What are the prime factors of q?
277
Let t(w) = 30*w + 26. Let o(z) = z**3 - 8*z**2 + 2*z - 12. Let j be o(8). List the prime factors of t(j).
2, 73
Suppose -4*h - 28 = -2*q, 4*q + 2*h - 3*h = 77. Let a = -19 + q. What are the prime factors of (-8 + -5)/(0 - a)?
13
Let m = -218 + 491. What are the prime factors of m?
3, 7, 13
Let m(j) = 4*j**2 - 2*j + 4. Let h be m(4). Let n be 7332/h + 1/(-5). Suppose 0 = 2*t + 2*f - n, 4*t - 4*f - 191 - 45 = 0. List the prime factors of t.
2, 3, 5
Suppose 2 = -3*z - 1. Let k be 2/(6/(-4) - z). What are the prime factors of -6*(1 - 0)*k?
2, 3
Let p(b) = -b**2 + 4*b - 1. Let a be p(3). Suppose -10 = a*z - 4*z. Suppose -3*m - 46 = -z*k - 5*m, 31 = 5*k - 3*m. List the prime factors of k.
2
Let x be 2/8 + 45/12. Suppose -2*u - 5*z = -2*z - 2, x*u = 3*z + 4. Let y(j) = 34*j**2. What are the prime factors of y(u)?
2, 17
Let r(a) = a**2 - 30*a - 70. List the prime factors of r(38).
2, 3, 13
Let t = 57 - 52. Suppose t*f + 4*d = 551, d + d = 3*f - 335. List the prime factors of f.
3, 37
Let k be -2 - ((-2)/(-1) + -8). Let m(r) = r - 5. Let y be m(k). List the prime factors of (-8)/6*9/y.
2, 3
Suppose -4057 + 422 = -p. List the prime factors of p.
5, 727
Suppose 99*f = 100*f - 604. List the prime factors of f.
2, 151
Let k = -630 + 1143. What are the prime factors of k?
3, 19
Suppose 3*c + 0*c - 450 = 0. What are the prime factors of c?
2, 3, 5
Let c = 328 + -228. Let b = 159 - c. List the prime factors of b.
59
Suppose 0*q = 5*q - f - 1, -2*q - 4*f = 4. Suppose -5*y + g + q*g + 287 = 0, y = 2*g + 52. What are the prime factors of y?
2, 29
Suppose 0 = 3*b - 133 - 128. Suppose h - b + 18 = 0. What are the prime factors of h?
3, 23
Let z = -15 + 18. Let p(i) = 2*i + 9 - i + z. List the prime factors of p(11).
23
Suppose 40*n - 1762 = 18598. List the prime factors of n.
509
Let a(v) = -6*v + 62. What are the prime factors of a(-24)?
2, 103
Let c = 20 + -14. Suppose 20 = 2*j - 2*h, -j + c = -0*h - 2*h. Suppose 20 = 3*v - 2*p, 2*p + 2 = -v + j. List the prime factors of v.
2
Let n = 777 + -469. List the prime factors of n.
2, 7, 11
Let l(w) = 39*w + 4. Let x(j) = 39*j + 4. Let h(r) = -4*l(r) + 5*x(r). Let y be h(-2). Let t = 110 + y. What are the prime factors of t?
2, 3
Suppose 2*s - 5*f + 106 = 3515, 3*s = f + 5120. List the prime factors of s.
3, 569
Suppose -3*j - 175 = -724. List the prime factors of j.
3, 61
Let u(l) = -2*l**3 + 18*l**2 + 4*l + 13. List the prime factors of u(9).
7
Let k(m) = 74*m**2 + 67*m - 4. List the prime factors of k(-6).
2, 1129
Let k be -6*(-2)/(12/9). Suppose 0 = 4*a - 7 - k. Suppose a*g + 21 = 5*g. What are the prime factors of g?
3, 7
Suppose 0 = f + 4*b - 212, -f = b - 93 - 110. List the prime factors of 57/38*f/3.
2, 5
Suppose -2*b = -0*b + 136. Let x = 36 + b. Let d = 23 - x. What are the prime factors of d?
5, 11
Let t = 156 + -6. Let m = t - 89. Suppose -4*l + 57 = b - m, -5*b = -10. What are the prime factors of l?
29
Suppose 170*y - 10296 = 137*y. What are the prime factors of y?
2, 3, 13
Let w be (-8)/44 + (0 - 57/(-11)). Suppose 2*x + 783 = w*l, -l - 4*l + 759 = 4*x. What are the prime factors of l?
5, 31
Let d(x) = -165*x**3 + 3*x**2 - 2*x - 3. List the prime factors of d(-2).
31, 43
Let d = -2706 + 3823. What are the prime factors of d?
1117
Let h(i) = 106*i**2 - 4*i - 1. Let q be h(-1). Suppose 3*r = q + 338. What are the prime factors of r?
149
Let l = -2254 + 4751. What are the prime factors of l?
11, 227
Suppose -2553 + 339 = -4*z - 2*i, 1656 = 3*z + 3*i. What are the prime factors of z?
3, 5, 37
Let r = 1312 - 709. What are the prime factors of r?
3, 67
Let l(w) = 7*w - 57. Let o be l(8). List the prime factors of 2328/20 - (24/(-15) - o).
3, 13
Suppose 3*n - 3 = 0, -4 = -3*k - 0*k + 2*n. Suppose h + k - 3 = 0, 2*m + 5*h - 3 = 0. List the prime factors of (m + 0)/((-1)/8).
2
Let k(g) = g + 8. Let q be k(17). Let m be 0*(q/15 - 2). Suppose -4*j + m*i + 332 = -i, -16 = 4*i. What are the prime factors of j?
2, 41
Let r(x) = x**2 - 6*x - 7. Let f be r(-6). Let o = -24 + 24. Suppose -3*g + 49 = -b, 5*g = -o*b + 5*b + f. What are the prime factors of g?
2, 3
Let s(i) = -13*i**3 - 5*i**2 + 6*i + 1. List the prime factors of s(-5).
1471
Let p(n) = -82*n + 68. List the prime factors of p(-6).
2, 5, 7
Suppose -59*o = -56*o - 2475. What are the prime factors of o?
3, 5, 11
Let d = 14 - 2. Suppose 407 = d*b - 709. List the prime factors of b.
3, 31
Suppose 0 = 8*u - 12*u + 3452. What are the prime factors of u?
863
Let v(u) = -8*u - 20. Let b be v(-7). Suppose 3*d + 2*q - 19 - 38 = 0, 0 = -d + 5*q + b. List the prime factors of d.
3, 7
Let n(k) = -91*k + 8. Let s be n(-2). What are the prime factors of 3/(-6)*(0/(-1) - s)?
5, 19
Suppose 5*l - 4*m = 2*l + 865, m = l - 290. Let k = -182 + l. List the prime factors of k.
113
Suppose -p - p + 3*v + 1025 = 0, 0 = 5*v - 15. What are the prime factors of p?
11, 47
Let i be 0/(5/1 - 4). Suppose -w - 2*g - 50 = i, 2*w - g = -2*w - 209. What are the prime factors of (4/(-8))/(2/w)?
13
Let o = 1433 + -1000. List the prime factors of o.
433
Suppose -3533 = -9*k + 6844. What are the prime factors of k?
1153
Let o(c) = -10*c - 2. Let j(z) = z**2 + 10*z + 2. Let v(f) = 3*j(f) + 2*o(f). List the prime factors of v(-7).
79
Let w(s) = -178*s - 4. Let l be w(-1). Let p be (-1)/2*50*-2. Suppose 4*a + p = l. List the prime factors of a.
31
Suppose -5*f + 105 + 75 = 0. Suppose 2*z + 33 = 4*q - 5*q, -3*q - 65 = 4*z. Let p = f + z. List the prime factors of p.
19
Let u(k) = -3*k - 13. Let g be u(-6). Suppose -g*t + 955 = 270. What are the prime factors of t?
137
Let z be 2/((-4)/11) - (-2)/(-4). Let n(j) = -13*j - 7. What are the prime factors of n(z)?
71
Suppose 3*n = -r + 7, -1 = -4*r + 3. Let o(c) = 7*c**2 + 3. What are the prime factors of o(n)?
31
Suppose 3*q + 13 = 8*s - 3*s, 0 = 3*s + 5*q - 35. Suppose 2*w = -2*m + 306, -765 = -0*m - s*m - 3*w. List the prime factors of m.
3, 17
Let u = 1783 - -319. What are the prime factors of u?
2, 1051
Let j be 2/15 - (-310)/(-75). Let g(z) = z + 8. Let i be g(j). What are the prime factors of (18/(-21))/(i/(-224))?
2, 3
Suppose 0 = 3*n - 4*n + 4, 0 = -4*p + 4*n - 4. Suppose -d = -p*d - 62. Let c = 47 + d. What are the prime factors of c?
2
Suppose -3*v + 3737 = 4*z, -z + 5*v + 3777 = 3*z. What are the prime factors of z?
2, 7, 67
Let f = 10 + -15. List the prime factors of 79 + (f/(-1))/5.
2, 5
List the prime factors of -7 + 0 + 106153/37.
2, 3, 53
Let z(t) = 31*t + 12. Let s be z(5). Suppose -2*q + s = 21. What are the prime factors of q?
73
Suppose 320 = 5*o - 275. What are the prime factors of o?
7, 17
Let q(t) = -156*t + 1. List the prime factors of q(-5).
11, 71
Suppose -3*r = 8*r + 1265. Let n = r + 204. List the prime factors of n.
89
Let l(m) = 10*m**2 + 3*m + 31. Let a = 30 + -35. What are the prime factors of l(a)?
2, 7, 19
Let t = -10 + 13. Suppose -t - 1 = -4*b. What are the prime factors of 2/(b + 10/(-14))?
7
Suppose 17*i + 3912 = 4*d + 21*i, -5*i = d - 990. List the prime factors of d.
3, 5, 13
Let h(w) = -w**3 - 7*w**2 + 4*w + 19. Suppose -7 = x + 1. List the prime factors of h(x).
3, 17
Let y = 263 - -679. List the prime factors of y.
2, 3, 157
Let r(f) = f**2 + 4*f + 4. Let z be r(-4). Suppose y - 2*n - 22 = 3*n, n = -y - 2. Suppose -3*m + 14 = 4*u, -y = -4*u + z*m - m. List the prime factors of u.
2
Let j(i) = 5*i**2 - 3*i - 9. Let g(k) = -4*k**2 + 3*k + 9. Let b(w) = 6*g(w) + 5*j(w). Suppose -32 = 5*y - y. What are the prime factors of b(y)?
7
Let k = 755 + -22. List the prime factors of k.
733
Let b = 16 - 6. Suppose -5*x - 2*h + 37 = 0, -2*x + h = -b - 12. Suppose -5*y = -3*d - 25 + 82, 5*y = d - x. What are the prime factors of d?
2, 3
Suppose 5*q + 13 = 23. Suppose -176 + 26 = -q*o. Suppose 5 - o = -5*g. What are the prime factors of g?
2, 7
Suppose -2*d = 4*c - 154, 3*d + 1 - 4 = 0. Suppose 5*x = 3*x + c. What are the prime factors of x?
19
Let c(y) = -y**3 + 33*y**2 + 5*y - 52. What are the prime factors of c(3